{"id":4859,"date":"2020-11-07T17:33:46","date_gmt":"2020-11-07T17:33:46","guid":{"rendered":"https:\/\/www.red03.com\/2016\/?post_type=product&#038;p=4859"},"modified":"2020-11-07T17:34:54","modified_gmt":"2020-11-07T17:34:54","slug":"armonias-cosmicas","status":"publish","type":"product","link":"https:\/\/www.red03.com\/2016\/producto\/armonias-cosmicas\/","title":{"rendered":"Armon\u00edas c\u00f3smicas"},"content":{"rendered":"<p><strong>Joan Parram\u00f3n<br \/>\n<\/strong>90 x 73cm<br \/>\nMixta sobre tela, acrilicos, tintas y pigmentos.<\/p>\n","protected":false},"excerpt":{"rendered":"<p><strong>Joan Parram\u00f3n<br \/>\n<\/strong>90 x 73cm<br \/>\nMixta sobre tela, acrilicos, tintas y pigmentos.<\/p>\n","protected":false},"featured_media":4860,"template":"","meta":{"seo_booster_metabox":""},"product_cat":[114,37,169,153],"product_tag":[],"aioseo_notices":[],"_links":{"self":[{"href":"https:\/\/www.red03.com\/2016\/wp-json\/wp\/v2\/product\/4859"}],"collection":[{"href":"https:\/\/www.red03.com\/2016\/wp-json\/wp\/v2\/product"}],"about":[{"href":"https:\/\/www.red03.com\/2016\/wp-json\/wp\/v2\/types\/product"}],"wp:featuredmedia":[{"embeddable":true,"href":"https:\/\/www.red03.com\/2016\/wp-json\/wp\/v2\/media\/4860"}],"wp:attachment":[{"href":"https:\/\/www.red03.com\/2016\/wp-json\/wp\/v2\/media?parent=4859"}],"wp:term":[{"taxonomy":"product_cat","embeddable":true,"href":"https:\/\/www.red03.com\/2016\/wp-json\/wp\/v2\/product_cat?post=4859"},{"taxonomy":"product_tag","embeddable":true,"href":"https:\/\/www.red03.com\/2016\/wp-json\/wp\/v2\/product_tag?post=4859"}],"curies":[{"name":"wp","href":"https:\/\/api.w.org\/{rel}","templated":true}]}}